-71
What is 45 (base 10) in base 14?
33
Convert -2 (base 4) to base 13.
-2
Convert -33 (base 12) to base 15.
-29
-2 (base 16) to base 12
-2
What is -325 (base 8) in base 6?
-553
Convert 1111 (base 2) to base 8.
17
Convert 17 (base 8) to base 14.
11
What is 2 (base 13) in base 4?
2
What is 4 (base 12) in base 14?
4
21 (base 4) to base 11
9
What is 232 (base 4) in base 10?
46
Convert 14 (base 5) to base 13.
9
Convert -34 (base 12) to base 5.
-130
What is 10 (base 3) in base 7?
3
1100 (base 2) to base 4
30
Convert -212 (base 4) to base 10.
-38
Convert 224 (base 5) to base 11.
59
322 (base 6) to base 4
1322
What is -433 (base 5) in base 15?
-7d
What is 24 (base 6) in base 11?
15
What is 13 (base 6) in base 9?
10
Convert 14 (base 7) to base 15.
b
0 (base 11) to base 6
0
What is 4 (base 14) in base 6?
4
Convert 9 (base 14) to base 11.
9
Convert 20 (base 7) to base 10.
14
-4 (base 16) to base 13
-4
What is -122 (base 3) in base 10?
-17
Convert 47 (base 10) to base 5.
142
Convert 1 (base 6) to base 9.
1
31 (base 4) to base 15
d
Convert 8 (base 15) to base 13.
8
60 (base 16) to base 11
88
3 (base 8) to base 10
3
0 (base 14) to base 4
0
What is -10 (base 3) in base 11?
-3
-115 (base 11) to base 10
-137
Convert 3b (base 12) to base 3.
1202
Convert 163 (base 11) to base 8.
276
2 (base 3) to base 9
2
Convert 0 (base 6) to base 8.
0
-10 (base 8) to base 4
-20
What is 3b (base 16) in base 3?
2012
Convert 6 (base 16) to base 12.
6
Convert 1 (base 6) to base 11.
1
2 (base 11) to base 7
2
Convert 1 (base 16) to base 3.
1
What is 0 (base 13) in base 2?
0
50 (base 10) to base 11
46
Convert -3 (base 4) to base 10.
-3
-10 (base 5) to base 13
-5
121 (base 4) to base 14
1b
What is 144 (base 6) in base 12?
54
What is 0 (base 9) in base 14?
0
Convert 45 (base 13) to base 2.
111001
What is c (base 14) in base 10?
12
-43 (base 5) to base 9
-25
What is -6 (base 12) in base 14?
-6
What is -2 (base 15) in base 9?
-2
What is 14 (base 11) in base 8?
17
Convert -16 (base 8) to base 15.
-e
What is -10 (base 5) in base 15?
-5
33 (base 8) to base 5
102
-82 (base 9) to base 10
-74
Convert -11 (base 5) to base 12.
-6
Convert d (base 16) to base 4.
31
65 (base 13) to base 3
10002
-123 (base 5) to base 16
-26
What is -2 (base 3) in base 7?
-2
-303 (base 4) to base 12
-43
55 (base 6) to base 16
23
Convert -15 (base 10) to base 14.
-11
What is -10 (base 7) in base 5?
-12
Convert 0 (base 9) to base 5.
0
What is -2222 (base 3) in base 7?
-143
Convert -39 (base 14) to base 10.
-51
What is 2003 (base 4) in base 2?
10000011
4a (base 12) to base 11
53
Convert -33 (base 10) to base 8.
-41
-2 (base 15) to base 2
-10
Convert -1 (base 7) to base 3.
-1
What is 71 (base 16) in base 8?
161
-6 (base 14) to base 6
-10
-12 (base 6) to base 5
-13
Convert 1 (base 13) to base 11.
1
Convert -3 (base 16) to base 8.
-3
Convert -20221 (base 3) to base 14.
-d5
5d (base 14) to base 9
102
What is -1 (base 5) in base 16?
-1
Convert -4 (base 7) to base 5.
-4
-d (base 16) to base 14
-d
5 (base 6) to base 5
10
Convert -210 (base 14) to base 9.
-501
What is 43 (base 10) in base 9?
47
0 (base 15) to base 13
0
Convert 2 (base 5) to base 8.
2
-2 (base 12) to base 6
-2
What is -1 (base 8) in base 4?
-1
0 (base 4) to base 13
0
Convert -2d (base 15) to base 12.
-37
What is -ac (base 16) in base 14?
-c4
What is -1e (base 16) in base 2?
-11110
What is 2b (base 14) in base 5?
124
What is -106 (base 7) in base 4?
-313
15a (base 11) to base 6
510
-149 (base 11) to base 16
-ae
22 (base 3) to base 5
13
What is 25 (base 12) in base 7?
41
-53 (base 9) to base 15
-33
What is -7c (base 14) in base 7?
-215
What is 271 (base 8) in base 3?
20212
Convert 22 (base 4) to base 12.
a
What is -51 (base 11) in base 14?
-40
-3 (base 6) to base 7
-3
11b (base 13) to base 2
11000001
2 (base 9) to base 14
2
What is -23 (base 7) in base 10?
-17
41 (base 10) to base 4
221
Convert -4 (base 9) to base 10.
-4
-26 (base 7) to base 5
-40
Convert 0 (base 8) to base 4.
0
Convert -30 (base 10) to base 15.
-20
-8b (base 16) to base 7
-256
What is -6 (base 15) in base 9?
-6
-15 (base 10) to base 13
-12
Convert 1 (base 3) to base 7.
1
6 (base 14) to base 2
110
42 (base 5) to base 8
26
Convert -11 (base 9) to base 3.
-101
-10011 (base 2) to base 13
-16
What is -21 (base 16) in base 5?
-113
What is 2 (base 4) in base 14?
2
-1 (base 16) to base 13
-1
-112 (base 3) to base 4
-32
-100001011 (base 2) to base 14
-151
What is 11 (base 5) in base 10?
6
Convert -63 (base 9) to base 16.
-39
23 (base 16) to base 10
35
0 (base 7) to base 6
0
What is 2 (base 14) in base 10?
2
What is 1 (base 16) in base 2?
1
c6 (base 15) to base 2
10111010
Convert -3 (base 10) to base 9.
-3
What is -13 (base 6) in base 12?
-9
Convert 7 (base 11) to base 6.
11
-10 (base 3) to base 10
-3
Convert 31 (base 5) to base 4.
100
Convert 21 (base 4) to base 7.
12
0 (base 12) to base 15
0
Convert -10 (base 9) to base 8.
-11
Convert 5 (base 9) to base 5.
10
Convert -158 (base 11) to base 2.
-10111000
What is -1420 (base 5) in base 2?
-11101011
What is -4 (base 5) in base 8?
-4
-3 (base 4) to base 8
-3
1 (base 10) to base 12
1
What is 44 (base 7) in base 10?
32
What is -a (base 15) in base 3?
-101
3 (base 6) to base 9
3
What is -1 (base 16) in base 9?
-1
What is -46 (base 9) in base 10?
-42
What is -6 (base 8) in base 5?
-11
2 (base 6) to base 16
2
10 (base 5) to base 11
5
Convert -26 (base 13) to base 10.
-32
What is -21 (base 4) in base 7?
-12
-13 (base 4) to base 5
-12
Convert 6 (base 14) to base 8.
6
Convert -3 (base 13) to base 2.
-11
-107 (base 12) to base 6
-411
10011 (base 2) to base 11
18
Convert 2 (base 9) to base 15.
2
Convert 2 (base 16) to base 15.
2
Convert -1100111 (base 2) to base 8.
-147
Convert -2 (base 11) to base 16.
-2
What is -3 (base 14) in base 10?
-3
Convert 31 (base 10) to base 14.
23
5 (base 11) to base 14
5
Convert 8a (base 16) to base 7.
255
Convert -2 (base 12) to base 10.
-2
Convert 1 (base 5) to base 8.
1
-22 (base 5) to base 9
-13
Convert 6 (base 11) to base 16.
6
What is 120 (base 4) in base 16?
18
-16 (base 12) to base 10
-18
Convert 19 (base 12) to base 6.
33
Convert -10 (base 9) to base 12.
-9
19 (base 10) to base 14
15
-81 (base 14) to base 3
-11012
Convert -1 (base 11) to base 3.
-1
Convert -323 (base 7) to base 3.
-20002
-11 (base 7) to base 15
-8
3 (base 5) to base 8
3
What is -23 (base 10) in base 7?
-32
-351 (base 10) to base 12
-253
-527 (base 8) to base 5
-2333
What is 54 (base 6) in base 7?
46
What is 11 (base 4) in base 7?
5
0 (base 13) to base 8
0
What is 44 (base 13) in base 14?
40
What is -22 (base 4) in base 11?
-a
Convert -131 (base 7) to base 11.
-65
Convert 13 (base 15) to base 7.
24
Convert -39 (base 15) to base 8.
-66
Convert 14 (base 8) to base 13.
c
Convert -20 (base 5) to base 14.
-a
Convert -7 (base 10) to base 8.
-7
What is 2 (base 15) in base 14?
2
What is 21 (base 5) in base 3?
102
2 (base 9) to base 5
2
6 (base 16) to base 13
6
13 (base 8) to base 7
14
What is -1 (base 14) in base 5?
-1
Convert -10220 (base 3) to base 6.
-253
What is 2 (base 7) in base 12?
2
0 (base 16) to base 2
0
What is -32 (base 6) in base 13?
-17
-56 (base 16) to base 12
-72
1b (base 12) to base 13
1a
What is -32 (base 11) in base 9?
-38
Convert -7 (base 10) to base 6.
-11
Convert 20 (base 11) to base 12.
1a
Convert -a (base 11) to base 8.
-12
Convert 202 (base 10) to base 11.
174
111 (base 2) to base 12
7
What is -6 (base 16) in base 11?
-6
What is 12 (base 3) in base 9?
5
What is -9 (base 14) in base 9?
-10
Convert -100120 (base 3) to base 8.
-402
What is -59 (base 15) in base 16?
-54
20 (base 5) to base 12
a
226 (base 7) to base 16
76
Convert 2 (base 14) to base 7.
2
What is -48 (base 14) in base 3?
-2101
1 (base 8) to base 10
1
Convert 11 (base 6) to base 11.
7
What is -c (base 15) in base 13?
-c
Convert -1122 (base 3) to base 15.
-2e
What is -35 (base 8) in base 13?
-23
Convert -10 (base 2) to base 4.
-2
11 (base 9) to base 5
20
Convert -7 (base 12) to base 4.
-13
Convert 74 (base 16) to base 6.
312
What is 6 (base 14) in base 10?
6
Convert 2 (base 8) to base 9.
2
What is -100 (base 2) in base 15?
-4
Convert 32 (base 16) to base 8.
62
46 (base 9) to base 13
33
What is -4 (base 16) in base 6?
-4
What is 1 (base 5) in base 9?
1
0 (base 8) to base 16
0
Convert 